{"id":683,"date":"2011-07-26T13:58:25","date_gmt":"2011-07-26T13:58:25","guid":{"rendered":"http:\/\/kenderfono.flornatura.hu\/?page_id=683"},"modified":"2015-10-13T15:38:58","modified_gmt":"2015-10-13T15:38:58","slug":"raschel-tomlo","status":"publish","type":"page","link":"https:\/\/www.kenderfono.hu\/hu\/termekeink\/raschel-tomlo\/","title":{"rendered":"Raschel t\u00f6ml\u0151"},"content":{"rendered":"<p>A k\u00fcl\u00f6nb\u00f6z\u0151 sz\u00e9less\u00e9gben k\u00e9sz\u00fclt raschel t\u00f6ml\u0151ket paprika, fokhagyma csomagol\u00e1s\u00e1hoz f\u0171szerpaprika sz\u00e1r\u00edt\u00e1s\u00e1hoz haszn\u00e1lj\u00e1k sz\u00edvesen, de m\u00e1s term\u00e9kek, ak\u00e1r feny\u0151fa, ciroksepr\u0171, fak\u00e9reg csomagol\u00e1s\u00e1ra is alkalmasak. ngg_shortcode_0_placeholder<\/p>\n<h2>Fajt\u00e1k, kiszerel\u00e9sek:<\/h2>\n<hr \/>\n<table border=\"0\" cellspacing=\"0\" cellpadding=\"0\">\n<tbody>\n<tr class=\"odd2\">\n<td style=\"width: 15%;\">M\u00e9ret<\/td>\n<td class=\"num\" style=\"width: 15%;\">S\u00faly<\/td>\n<td class=\"num\" style=\"width: 15%;\">Sz\u00edn<\/td>\n<td class=\"num\" style=\"width: 15%;\">Kiszerel\u00e9s<\/td>\n<\/tr>\n<tr>\n<td style=\"width: 15%;\">11 cm<\/td>\n<td class=\"num\" style=\"width: 15%;\">0,4 kg<\/td>\n<td class=\"num\" style=\"width: 15%;\">feh\u00e9r, z\u00f6ld<\/td>\n<td class=\"num\" style=\"width: 15%;\">50 m\/tekercs<\/td>\n<\/tr>\n<tr class=\"odd\">\n<td style=\"width: 15%;\">22 cm<\/td>\n<td class=\"num\" style=\"width: 15%;\">0,8 kg<\/td>\n<td class=\"num\" style=\"width: 15%;\">piros, s\u00e1rga<\/td>\n<td class=\"num\" style=\"width: 15%;\">50 m\/tekercs<\/td>\n<\/tr>\n<tr>\n<td style=\"width: 15%;\">60 cm<\/td>\n<td class=\"num\" style=\"width: 15%;\">1,8 kg<\/td>\n<td class=\"num\" style=\"width: 15%;\">z\u00f6ld<\/td>\n<td class=\"num\" style=\"width: 15%;\">50 m\/tekercs<\/td>\n<\/tr>\n<\/tbody>\n<\/table>\n<h2><\/h2>\n<h2><span class=\"Apple-style-span\" style=\"font-size: 20px;\"> V\u00e1laszthat\u00f3 sz\u00ednek:<\/span><\/h2>\n<hr \/>\nngg_shortcode_1_placeholder\n<h2>Raschel t\u00f6ml\u0151k felhaszn\u00e1l\u00e1sa:<\/h2>\n<hr \/>\n<p>Z\u00f6lds\u00e9gek, mez\u0151gazdas\u00e1gi term\u00e9kek csomagol\u00e1sa. ngg_shortcode_2_placeholder<\/p>","protected":false},"excerpt":{"rendered":"<p>A k\u00fcl\u00f6nb\u00f6z\u0151 sz\u00e9less\u00e9gben k\u00e9sz\u00fclt raschel t\u00f6ml\u0151ket paprika, fokhagyma csomagol\u00e1s\u00e1hoz f\u0171szerpaprika sz\u00e1r\u00edt\u00e1s\u00e1hoz haszn\u00e1lj\u00e1k sz\u00edvesen, de m\u00e1s term\u00e9kek, ak\u00e1r feny\u0151fa, ciroksepr\u0171, fak\u00e9reg csomagol\u00e1s\u00e1ra is alkalmasak. Fajt\u00e1k, kiszerel\u00e9sek: M\u00e9ret S\u00faly Sz\u00edn Kiszerel\u00e9s 11 cm 0,4 kg feh\u00e9r, z\u00f6ld 50 m\/tekercs 22 cm 0,8 kg piros, s\u00e1rga 50 m\/tekercs 60 cm 1,8 kg z\u00f6ld 50 m\/tekercs V\u00e1laszthat\u00f3 sz\u00ednek: Raschel [&hellip;]<\/p>\n","protected":false},"author":8,"featured_media":1612,"parent":663,"menu_order":3,"comment_status":"open","ping_status":"closed","template":"","meta":{"ngg_post_thumbnail":0,"footnotes":""},"class_list":["post-683","page","type-page","status-publish","has-post-thumbnail","hentry"],"aioseo_notices":[],"_links":{"self":[{"href":"https:\/\/www.kenderfono.hu\/hu\/wp-json\/wp\/v2\/pages\/683","targetHints":{"allow":["GET"]}}],"collection":[{"href":"https:\/\/www.kenderfono.hu\/hu\/wp-json\/wp\/v2\/pages"}],"about":[{"href":"https:\/\/www.kenderfono.hu\/hu\/wp-json\/wp\/v2\/types\/page"}],"author":[{"embeddable":true,"href":"https:\/\/www.kenderfono.hu\/hu\/wp-json\/wp\/v2\/users\/8"}],"replies":[{"embeddable":true,"href":"https:\/\/www.kenderfono.hu\/hu\/wp-json\/wp\/v2\/comments?post=683"}],"version-history":[{"count":39,"href":"https:\/\/www.kenderfono.hu\/hu\/wp-json\/wp\/v2\/pages\/683\/revisions"}],"predecessor-version":[{"id":2223,"href":"https:\/\/www.kenderfono.hu\/hu\/wp-json\/wp\/v2\/pages\/683\/revisions\/2223"}],"up":[{"embeddable":true,"href":"https:\/\/www.kenderfono.hu\/hu\/wp-json\/wp\/v2\/pages\/663"}],"wp:featuredmedia":[{"embeddable":true,"href":"https:\/\/www.kenderfono.hu\/hu\/wp-json\/wp\/v2\/media\/1612"}],"wp:attachment":[{"href":"https:\/\/www.kenderfono.hu\/hu\/wp-json\/wp\/v2\/media?parent=683"}],"curies":[{"name":"wp","href":"https:\/\/api.w.org\/{rel}","templated":true}]}}

Raschel tömlő

<p>A különböző szélességben készült raschel tömlőket paprika, fokhagyma csomagolásához fűszerpaprika szárításához használják szívesen, de más termékek, akár fenyőfa, cirokseprű, fakéreg csomagolására is alkalmasak. ngg_shortcode_0_placeholder</p>
<h2>Fajták, kiszerelések:</h2>
<hr />
<table border="0" cellspacing="0" cellpadding="0">
<tbody>
<tr class="odd2">
<td style="width: 15%;">Méret</td>
<td class="num" style="width: 15%;">Súly</td>
<td class="num" style="width: 15%;">Szín</td>
<td class="num" style="width: 15%;">Kiszerelés</td>
</tr>
<tr>
<td style="width: 15%;">11 cm</td>
<td class="num" style="width: 15%;">0,4 kg</td>
<td class="num" style="width: 15%;">fehér, zöld</td>
<td class="num" style="width: 15%;">50 m/tekercs</td>
</tr>
<tr class="odd">
<td style="width: 15%;">22 cm</td>
<td class="num" style="width: 15%;">0,8 kg</td>
<td class="num" style="width: 15%;">piros, sárga</td>
<td class="num" style="width: 15%;">50 m/tekercs</td>
</tr>
<tr>
<td style="width: 15%;">60 cm</td>
<td class="num" style="width: 15%;">1,8 kg</td>
<td class="num" style="width: 15%;">zöld</td>
<td class="num" style="width: 15%;">50 m/tekercs</td>
</tr>
</tbody>
</table>
<h2></h2>
<h2><span class="Apple-style-span" style="font-size: 20px;"> Választható színek:</span></h2>
<hr />
ngg_shortcode_1_placeholder
<h2>Raschel tömlők felhasználása:</h2>
<hr />
<p>Zöldségek, mezőgazdasági termékek csomagolása. ngg_shortcode_2_placeholder</p>

<p>A különböző szélességben készült raschel tömlőket paprika, fokhagyma csomagolásához fűszerpaprika szárításához használják szívesen, de más termékek, akár fenyőfa, cirokseprű, fakéreg csomagolására is alkalmasak. Fajták, kiszerelések: Méret Súly Szín Kiszerelés 11 cm 0,4 kg fehér, zöld 50 m/tekercs 22 cm 0,8 kg piros, sárga 50 m/tekercs 60 cm 1,8 kg zöld 50 m/tekercs Választható színek: Raschel [&hellip;]</p>
